1498 a factor of 15212190?
True
Is 92 a factor of 174984?
True
Does 27 divide 7977150?
True
Does 11 divide 1532835?
False
Is 47 a factor of 3170768?
False
Is 229 a factor of 435588?
False
Is 734400 a multiple of 144?
True
Is 391716 a multiple of 27?
True
Is 238 a factor of 23324?
True
Does 19 divide 6033241?
True
Does 442 divide 1978958?
False
Is 178987 a multiple of 21?
False
Does 4 divide 37292?
True
Is 56 a factor of 1619908?
False
Does 190 divide 13110?
True
Is 48128 a multiple of 227?
False
Does 31 divide 709466?
True
Is 84 a factor of 10569539?
False
Is 430 a factor of 621350?
True
Is 2858992 a multiple of 15?
False
Is 25 a factor of 707697?
False
Does 254 divide 971042?
True
Is 20815142 a multiple of 26?
False
Is 178740 a multiple of 108?
True
Is 716768 a multiple of 13?
True
Is 7748488 a multiple of 39?
False
Is 156 a factor of 126984?
True
Does 108 divide 2117318?
False
Is 12 a factor of 107103?
False
Does 13 divide 8405477?
False
Is 367982 a multiple of 79?
True
Is 449721 a multiple of 9?
True
Does 274 divide 2239417?
False
Is 730925 a multiple of 865?
True
Is 789306 a multiple of 21?
True
Does 924 divide 2762964?
False
Is 20 a factor of 3794780?
True
Is 401648 a multiple of 31?
False
Is 6 a factor of 486324?
True
Is 217 a factor of 394072?
True
Is 30 a factor of 577980?
True
Does 45 divide 206198?
False
Is 661 a factor of 786217?
False
Is 41 a factor of 61536?
False
Does 6 divide 243342?
True
Does 16 divide 194650?
False
Is 104075 even?
False
Is 1868425 a multiple of 65?
True
Does 171 divide 418095?
True
Is 515515 a multiple of 91?
True
Does 126 divide 1413720?
True
Is 78 a factor of 2049138?
True
Is 84 a factor of 850668?
True
Does 76 divide 10503?
False
Is 23 a factor of 73140?
True
Is 109 a factor of 972488?
False
Does 141 divide 847274?
False
Is 901191 a multiple of 3?
True
Is 49161 a multiple of 32?
False
Does 37 divide 51572?
False
Is 797453 a multiple of 271?
False
Does 11 divide 1013941?
False
Is 350 a factor of 652050?
True
Is 85 a factor of 889695?
True
Is 2114956 a multiple of 292?
True
Does 4 divide 219800?
True
Is 126 a factor of 509040?
True
Does 113 divide 1061522?
True
Is 7 a factor of 127177?
False
Does 4 divide 28692?
True
Does 222 divide 2855006?
False
Is 7 a factor of 145817?
True
Is 342689 a multiple of 4?
False
Is 36 a factor of 111379?
False
Is 426 a factor of 7646274?
True
Is 24326891 a multiple of 37?
False
Is 23521 a multiple of 226?
False
Is 488 a factor of 8119648?
False
Is 996545 a multiple of 4?
False
Does 78 divide 7564817?
False
Is 136555 a multiple of 241?
False
Is 155 a factor of 307829?
False
Is 2216543 even?
False
Does 9 divide 109854?
True
Is 17 a factor of 9775765?
True
Is 3 a factor of 129042?
True
Does 8 divide 1823320?
True
Does 46 divide 24794?
True
Is 1129 a factor of 501781?
False
Is 488712 a multiple of 28?
True
Is 222645 a multiple of 20?
False
Is 216 a factor of 223668?
False
Does 32 divide 640160?
True
Is 602 a factor of 6167466?
False
Does 271 divide 4131408?
False
Is 464249 a multiple of 157?
True
Is 875574 a multiple of 14?
True
Does 73 divide 73657?
True
Is 62 a factor of 374596?
False
Does 9 divide 140409?
True
Is 58591 a multiple of 93?
False
Is 47 a factor of 278334?
True
Is 29 a factor of 781864?
False
Does 80 divide 90160?
True
Is 151 a factor of 2007212?
False
Is 23 a factor of 64883?
True
Is 409 a factor of 6773858?
True
Does 101 divide 299566?
True
Is 14 a factor of 555846?
False
Does 14 divide 7304150?
True
Is 5060281 a multiple of 53?
True
Is 7614783 a multiple of 535?
False
Is 440 a factor of 210891?
False
Does 5 divide 35992?
False
Is 8 a factor of 121112?
True
Is 6382008 a multiple of 548?
True
Is 836805 a multiple of 3?
True
Is 72300 a multiple of 30?
True
Does 13 divide 376658?
False
Does 551 divide 2680064?
True
Does 174 divide 1971768?
True
Does 60 divide 554486?
False
Does 54 divide 2413908?
True
Is 4743796 a multiple of 46?
True
Is 2888166 a multiple of 257?
True
Is 12 a factor of 261560?
False
Is 2621947 a multiple of 319?
False
Is 17 a factor of 5160061?
True
Does 11 divide 11910?
False
Does 588 divide 27493128?
False
Is 73352 a multiple of 4?
True
Does 65 divide 672?
False
Is 9 a factor of 12068362?
False
Is 77 a factor of 923615?
True
Is 304133 a multiple of 50?
False
Is 834099 a multiple of 5?
False
Is 6230019 a multiple of 271?
True
Is 443468 a multiple of 63?
False
Does 37 divide 612771?
False
Does 14 divide 115264?
False
Is 7538829 a multiple of 251?
False
Is 903595 a multiple of 385?
True
Is 55485 a multiple of 45?
True
Is 5 a factor of 15913?
False
Is 26680 a multiple of 29?
True
Is 5 a factor of 236582?
False
Does 10 divide 1205176?
False
Is 407 a factor of 23448049?
False
Is 75 a factor of 309538?
False
Is 21 a factor of 133035?
True
Is 9 a factor of 122608?
False
Does 58 divide 331335?
False
Is 99507 a multiple of 77?
False
Is 27 a factor of 864378?
True
Does 91 divide 1086401?
False
Is 100555 a multiple of 85?
True
Does 20 divide 1126102?
False
Is 27189 a multiple of 4?
False
Is 57582 a multiple of 21?
True
Does 9 divide 2887551?
True
Is 31 a factor of 34100?
True
Is 33794 a multiple of 18?
False
Is 5071156 a multiple of 86?
False
Is 6 a factor of 27733?
False
Is 20 a factor of 37193756?
False
Is 7 a factor of 361298?
True
Does 163 divide 1527676?
False
Is 91 a factor of 43015?
False
Does 1285 divide 5339175?
True
Is 221 a factor of 176358?
True
Is 54 a factor of 880794?
True
Is 45 a factor of 11348640?
True
Is 403834 a multiple of 19?
False
Is 750602 a multiple of 9?
False
Is 285703 a multiple of 209?
True
Is 14392842 a multiple of 1506?
True
Is 1675836 a multiple of 6?
True
Does 21 divide 307887?
False
Is 893 a factor of 2857364?
False
Is 5615238 a multiple of 8?
False
Is 30 a factor of 45077?
False
Does 60 divide 317220?
True
Is 6987835 a multiple of 11?
False
Does 13 divide 107263?
True
Is 204241 a multiple of 7?
False
Is 109481 a multiple of 27?
False
Does 2 divide 10993?
False
Does 30 divide 307944?
False
Does 134 divide 960244?
True
Is 309 a factor of 203812?
False
Is 472818 a multiple of 977?
False
Is 15 a factor of 936147?
False
Is 13 a factor of 790205?
True
Is 156234 a multiple of 105?
False
Does 100 divide 7591960?
False
Is 15251 a multiple of 27?
False
Does 3 divide 2323618?
False
Does 55 divide 1983810?
False
Does 3 divide 346903?
False
Is 16112855 a multiple of 1045?
True
Does 251 divide 457322?
True
Is 54288 a multiple of 16?
True
Is 127 a factor of 20184099?
False
Does 84 divide 839664?
True
Is 43498 even?
True
Is 88446 a multiple of 197?
False
Is 54 a factor of 980046?
True
Is 174350 a multiple of 110?
True
Is 172 a factor of 6348079?
False
Is 115 a factor of 1297366?
False
Does 19 divide 3722594?
True
Is 1670 a factor of 22259430?
True
Is 223 a factor of 1208174?
False
Is 121669 a multiple of 445?
False
Is 68077 a multiple of 145?
False
Is 6214623 a multiple of 377?
False
Is 20863 a multiple of 24?
False
Is 8893882 a multiple of 205?
False
Is 101 a factor of 33103?
False
Is 64 a factor of 224576?
True
Is 428933 a multiple of 257?
True
Is 708 a factor of 79805?
False
Does 75 divide 951150?
True
Does 63 divide 10715435?
False
Is 702 a factor of 3308941?
False
Is 14 a factor of 327245?
False
Is 25 a factor of 2366325?
True
Is 12 a factor of 649965?
False
Is 629258 a multiple of 14?
True
Is 122145 a multiple of 479?
True
Is 350385 a multiple of 21?
True
Is 1967040 a multiple of 160?
True
Does 21 divide 56196?
True
Is 3634139 a multiple of 22?
False
Does 190 divide 99560?
True
Is 22 a factor of 25476?
True
Is 202748 a multiple of 28?
True
Is 732241 a multiple of 323?
True
Does 715 divide 214500?
True
Is 104492 a multiple of 151?
True
Is 38 a factor of 385348?
False
Is 8 a factor of 290390?
False
Is 270863 a multiple of 439?
True
Does 32 divide 2129056?
True
Is 429397 a multiple of 10?
False
Is 25 a factor of 248950?
True
Does 97 divide 715318?
False
Does 32 divide 110940?
False
Is 412569 a multiple of 241?
False
Is 272 a factor of 130288?
True
Does 48 divide 411915?
False
Does 29 divide 1465328?
False
Is 46 a factor of 851552?
True
Does 118 divide 102475?
False
Is 285597 a multiple of 13?
True
Is 17343 a multiple of 9?
True
Does 14 divide 68222?
True
Does 15 divide 10045890?
True
Does 69 divide 46020?
False
Does 15 divide 570945?
